{"id":7,"date":"2020-07-23T07:12:03","date_gmt":"2020-07-23T07:12:03","guid":{"rendered":"http:\/\/www.yasaryalcin.com.tr\/?page_id=7"},"modified":"2020-07-23T12:29:18","modified_gmt":"2020-07-23T12:29:18","slug":"hakkimizda","status":"publish","type":"page","link":"http:\/\/www.yasaryalcin.com.tr\/?page_id=7","title":{"rendered":"Sosyal Sorumluluk"},"content":{"rendered":"\n<figure class=\"wp-block-image size-large\"><img loading=\"lazy\" width=\"600\" height=\"315\" src=\"http:\/\/www.yasaryalcin.com.tr\/wp-content\/uploads\/2020\/07\/AAGEHsP.jpg\" alt=\"\" class=\"wp-image-63\" srcset=\"http:\/\/www.yasaryalcin.com.tr\/wp-content\/uploads\/2020\/07\/AAGEHsP.jpg 600w, http:\/\/www.yasaryalcin.com.tr\/wp-content\/uploads\/2020\/07\/AAGEHsP-300x158.jpg 300w\" sizes=\"(max-width: 600px) 100vw, 600px\" \/><\/figure>\n\n\n\n<h2>Alt\u0131n Kiraz Ya\u011fl\u0131 G\u00fcre\u015fleri<\/h2>\n\n\n\n<p>30 Y\u0131ldan fazla s\u00fcredir il\u00e7emizde yap\u0131lan geleneksel Korkuteli Alt\u0131n Kiraz ya\u011fl\u0131 g\u00fcre\u015flerine, ilk g\u00fcn\u00fcnden g\u00fcn\u00fcm\u00fcze her y\u0131l d\u00fczenli olarak sponsor olunmaktad\u0131r.<\/p>\n\n\n\n<figure class=\"wp-block-image size-large\"><img loading=\"lazy\" width=\"600\" height=\"446\" src=\"http:\/\/www.yasaryalcin.com.tr\/wp-content\/uploads\/2020\/07\/k_25235149_IMG_20180301_125621-1.jpg\" alt=\"\" class=\"wp-image-131\" srcset=\"http:\/\/www.yasaryalcin.com.tr\/wp-content\/uploads\/2020\/07\/k_25235149_IMG_20180301_125621-1.jpg 600w, http:\/\/www.yasaryalcin.com.tr\/wp-content\/uploads\/2020\/07\/k_25235149_IMG_20180301_125621-1-300x223.jpg 300w\" sizes=\"(max-width: 600px) 100vw, 600px\" \/><\/figure>\n\n\n\n<h2>Ya\u015far Yal\u00e7\u0131n \u0130lkokulu<\/h2>\n\n\n\n<p>\u015eirketimizin en b\u00fcy\u00fck gururu olan Ya\u015far Yal\u00e7\u0131n \u0130lkokulu, 2012 Y\u0131l\u0131ndan itibaren e\u011fitime ba\u015flam\u0131\u015ft\u0131r. \u015eirketimiz y\u00f6netim kurulu ba\u015fkan\u0131 Ya\u015far Yal\u00e7\u0131n, 60&#8217;l\u0131 y\u0131llarda okudu\u011fu eski okulunu y\u0131karak, yerine Korkuteli&#8217;nin en b\u00fcy\u00fck ve modern okulunu yaparak, Korkuteli&#8217;nin gen\u00e7lerine hediye etmi\u015ftir&#8230;<\/p>\n\n\n\n<figure class=\"wp-block-image size-large\"><img loading=\"lazy\" width=\"650\" height=\"400\" src=\"http:\/\/www.yasaryalcin.com.tr\/wp-content\/uploads\/2020\/07\/42201910428-1.jpg\" alt=\"\" class=\"wp-image-132\" srcset=\"http:\/\/www.yasaryalcin.com.tr\/wp-content\/uploads\/2020\/07\/42201910428-1.jpg 650w, http:\/\/www.yasaryalcin.com.tr\/wp-content\/uploads\/2020\/07\/42201910428-1-300x185.jpg 300w\" sizes=\"(max-width: 650px) 100vw, 650px\" \/><\/figure>\n\n\n\n<p>Korkuteli M\u00fcft\u00fcl\u00fc\u011f\u00fc taraf\u0131ndan yap\u0131lan, \u015eehzade Korkut Kur&#8217;an Kursu ve Gen\u00e7lik Merkezi&#8217;nin K\u00fct\u00fcphanesi, \u015firketimiz y\u00f6netim kurulu ba\u015fkan\u0131 Ya\u015far Yal\u00e7\u0131n taraf\u0131ndan finanse edilerek Korkuteli&#8217;li gen\u00e7lere hediye etmi\u015ftir&#8230;<\/p>\n\n\n\n<p><\/p>\n","protected":false},"excerpt":{"rendered":"<p>Alt\u0131n Kiraz Ya\u011fl\u0131 G\u00fcre\u015fleri 30 Y\u0131ldan fazla s\u00fcredir il\u00e7emizde yap\u0131lan geleneksel Korkuteli Alt\u0131n Kiraz ya\u011fl\u0131 g\u00fcre\u015flerine, ilk g\u00fcn\u00fcnden g\u00fcn\u00fcm\u00fcze her y\u0131l d\u00fczenli olarak sponsor olunmaktad\u0131r. Ya\u015far Yal\u00e7\u0131n \u0130lkokulu \u015eirketimizin en b\u00fcy\u00fck gururu olan Ya\u015far Yal\u00e7\u0131n \u0130lkokulu, 2012 Y\u0131l\u0131ndan itibaren e\u011fitime ba\u015flam\u0131\u015ft\u0131r. \u015eirketimiz y\u00f6netim kurulu ba\u015fkan\u0131 Ya\u015far Yal\u00e7\u0131n, 60&#8217;l\u0131 y\u0131llarda okudu\u011fu eski okulunu y\u0131karak, yerine Korkuteli&#8217;nin&hellip; <br \/> <a class=\"read-more\" href=\"http:\/\/www.yasaryalcin.com.tr\/?page_id=7\">Devam\u0131<\/a><\/p>\n","protected":false},"author":1,"featured_media":0,"parent":0,"menu_order":0,"comment_status":"closed","ping_status":"closed","template":"","meta":[],"_links":{"self":[{"href":"http:\/\/www.yasaryalcin.com.tr\/index.php?rest_route=\/wp\/v2\/pages\/7"}],"collection":[{"href":"http:\/\/www.yasaryalcin.com.tr\/index.php?rest_route=\/wp\/v2\/pages"}],"about":[{"href":"http:\/\/www.yasaryalcin.com.tr\/index.php?rest_route=\/wp\/v2\/types\/page"}],"author":[{"embeddable":true,"href":"http:\/\/www.yasaryalcin.com.tr\/index.php?rest_route=\/wp\/v2\/users\/1"}],"replies":[{"embeddable":true,"href":"http:\/\/www.yasaryalcin.com.tr\/index.php?rest_route=%2Fwp%2Fv2%2Fcomments&post=7"}],"version-history":[{"count":3,"href":"http:\/\/www.yasaryalcin.com.tr\/index.php?rest_route=\/wp\/v2\/pages\/7\/revisions"}],"predecessor-version":[{"id":133,"href":"http:\/\/www.yasaryalcin.com.tr\/index.php?rest_route=\/wp\/v2\/pages\/7\/revisions\/133"}],"wp:attachment":[{"href":"http:\/\/www.yasaryalcin.com.tr\/index.php?rest_route=%2Fwp%2Fv2%2Fmedia&parent=7"}],"curies":[{"name":"wp","href":"https:\/\/api.w.org\/{rel}","templated":true}]}}